212
Convert 23 (base 4) to base 12.
b
Convert -11 (base 14) to base 7.
-21
Convert -4 (base 16) to base 12.
-4
-3 (base 5) to base 6
-3
What is -182 (base 12) in base 9?
-288
-10 (base 2) to base 8
-2
What is -5 (base 13) in base 5?
-10
What is -22 (base 13) in base 9?
-31
What is -142 (base 8) in base 11?
-8a
Convert -7 (base 11) to base 12.
-7
What is 21 (base 10) in base 2?
10101
What is 21 (base 5) in base 16?
b
Convert 4 (base 16) to base 13.
4
What is -42 (base 10) in base 15?
-2c
What is -12 (base 4) in base 16?
-6
What is -1102 (base 3) in base 6?
-102
Convert -20 (base 3) to base 10.
-6
-80 (base 9) to base 10
-72
Convert 4 (base 12) to base 8.
4
271 (base 10) to base 6
1131
-1 (base 9) to base 16
-1
-6 (base 12) to base 9
-6
Convert 131 (base 5) to base 12.
35
Convert 40 (base 14) to base 15.
3b
Convert -12 (base 3) to base 10.
-5
29 (base 13) to base 12
2b
1 (base 5) to base 13
1
6 (base 7) to base 3
20
What is -53 (base 12) in base 5?
-223
What is -35 (base 10) in base 11?
-32
63 (base 9) to base 6
133
-13 (base 12) to base 16
-f
7 (base 12) to base 9
7
What is 216 (base 8) in base 16?
8e
31 (base 13) to base 9
44
2123 (base 5) to base 14
168
What is -27 (base 8) in base 12?
-1b
Convert -18 (base 15) to base 5.
-43
Convert 10 (base 2) to base 16.
2
-224 (base 5) to base 10
-64
15 (base 14) to base 7
25
What is -3 (base 5) in base 8?
-3
What is -422 (base 8) in base 11?
-22a
What is -3 (base 8) in base 11?
-3
Convert -5 (base 15) to base 14.
-5
What is -1 (base 14) in base 6?
-1
2 (base 7) to base 12
2
0 (base 13) to base 5
0
Convert -5 (base 11) to base 8.
-5
3 (base 9) to base 13
3
-2d (base 14) to base 8
-51
-20 (base 5) to base 12
-a
Convert 2 (base 5) to base 10.
2
Convert -2 (base 7) to base 11.
-2
1 (base 12) to base 15
1
Convert 1100 (base 4) to base 13.
62
-202 (base 3) to base 6
-32
10 (base 3) to base 5
3
Convert -3 (base 15) to base 5.
-3
Convert -46 (base 12) to base 2.
-110110
Convert 47 (base 8) to base 3.
1110
32 (base 13) to base 12
35
Convert -5 (base 16) to base 12.
-5
Convert 1 (base 2) to base 6.
1
Convert 51 (base 8) to base 11.
38
Convert -10 (base 2) to base 14.
-2
-1101 (base 2) to base 12
-11
Convert a (base 11) to base 14.
a
What is 11 (base 3) in base 2?
100
1 (base 16) to base 3
1
Convert -3 (base 10) to base 12.
-3
What is 12 (base 8) in base 13?
a
Convert -1c (base 15) to base 2.
-11011
-41 (base 8) to base 7
-45
Convert 132 (base 13) to base 8.
322
Convert 1 (base 15) to base 14.
1
What is 4 (base 9) in base 2?
100
Convert 3 (base 7) to base 14.
3
-1ca (base 14) to base 15
-19e
What is 4 (base 5) in base 9?
4
What is 7 (base 14) in base 3?
21
Convert 31 (base 7) to base 14.
18
Convert -11002 (base 3) to base 14.
-7c
Convert 3 (base 16) to base 7.
3
-b (base 16) to base 15
-b
Convert 3 (base 5) to base 6.
3
What is -1 (base 2) in base 16?
-1
Convert db (base 14) to base 8.
301
Convert -10 (base 4) to base 8.
-4
201 (base 4) to base 16
21
2 (base 5) to base 12
2
-4 (base 14) to base 4
-10
Convert -25 (base 16) to base 2.
-100101
What is 198 (base 11) in base 5?
1403
Convert -4 (base 5) to base 12.
-4
Convert -121 (base 4) to base 16.
-19
Convert 57 (base 8) to base 16.
2f
What is 225 (base 6) in base 2?
1011001
Convert 7 (base 10) to base 2.
111
11001010 (base 2) to base 14
106
Convert 0 (base 3) to base 15.
0
What is -2 (base 14) in base 13?
-2
What is -11 (base 6) in base 4?
-13
What is -61 (base 9) in base 6?
-131
Convert 0 (base 7) to base 8.
0
-172 (base 8) to base 2
-1111010
11232 (base 4) to base 6
1410
144 (base 12) to base 5
1241
Convert 1003 (base 6) to base 2.
11011011
1 (base 4) to base 2
1
1221 (base 4) to base 5
410
What is 1 (base 11) in base 16?
1
What is 153 (base 6) in base 15?
49
What is 11 (base 4) in base 13?
5
What is -35 (base 6) in base 5?
-43
What is 22 (base 7) in base 11?
15
What is bb (base 12) in base 13?
b0
What is -40 (base 8) in base 11?
-2a
Convert 1504 (base 6) to base 7.
1111
What is 38 (base 12) in base 8?
54
What is -12 (base 7) in base 11?
-9
What is 0 (base 10) in base 15?
0
What is 113 (base 4) in base 3?
212
What is -1 (base 7) in base 3?
-1
What is 1100011 (base 2) in base 7?
201
Convert 6 (base 16) to base 10.
6
Convert -3 (base 13) to base 6.
-3
66 (base 10) to base 4
1002
Convert -4a (base 13) to base 2.
-111110
4 (base 8) to base 10
4
What is 131 (base 6) in base 3?
2001
-11 (base 12) to base 4
-31
69 (base 10) to base 5
234
Convert 106 (base 8) to base 5.
240
-42 (base 12) to base 7
-101
1102 (base 3) to base 11
35
What is -24 (base 7) in base 4?
-102
What is -4 (base 13) in base 11?
-4
What is 5 (base 11) in base 12?
5
d (base 15) to base 6
21
8 (base 9) to base 10
8
Convert -24 (base 9) to base 14.
-18
Convert 32 (base 16) to base 6.
122
What is 10 (base 15) in base 16?
f
What is 8 (base 15) in base 11?
8
What is 2 (base 12) in base 4?
2
Convert -21 (base 5) to base 2.
-1011
What is -8 (base 14) in base 10?
-8
-116 (base 7) to base 16
-3e
22 (base 5) to base 8
14
18a (base 11) to base 9
263
Convert -7 (base 13) to base 10.
-7
What is a (base 16) in base 13?
a
-3 (base 8) to base 7
-3
What is 0 (base 9) in base 10?
0
Convert -1101 (base 2) to base 5.
-23
What is -4 (base 11) in base 7?
-4
What is -2d (base 14) in base 10?
-41
What is -4 (base 7) in base 15?
-4
What is 1 (base 15) in base 11?
1
Convert -10 (base 5) to base 12.
-5
a (base 11) to base 13
a
What is -4 (base 16) in base 5?
-4
What is 239 (base 11) in base 12?
1b8
-10100 (base 2) to base 12
-18
-4 (base 8) to base 11
-4
What is -230 (base 6) in base 5?
-330
What is 66 (base 8) in base 15?
39
15 (base 6) to base 7
14
Convert -5 (base 6) to base 9.
-5
Convert 0 (base 4) to base 2.
0
Convert -17 (base 14) to base 5.
-41
1 (base 16) to base 11
1
201 (base 9) to base 12
117
-302 (base 5) to base 3
-2212
Convert 134 (base 10) to base 3.
11222
4 (base 5) to base 15
4
What is -16 (base 7) in base 4?
-31
-102 (base 6) to base 12
-32
Convert 11 (base 6) to base 5.
12
What is -303 (base 6) in base 5?
-421
Convert -1a9 (base 15) to base 3.
-112020
Convert -4 (base 7) to base 11.
-4
Convert -d (base 15) to base 16.
-d
Convert 231 (base 4) to base 10.
45
Convert 55 (base 6) to base 9.
38
What is -40 (base 12) in base 13?
-39
Convert 0 (base 11) to base 7.
0
Convert 218 (base 9) to base 12.
12b
Convert -1 (base 9) to base 14.
-1
Convert 36 (base 12) to base 10.
42
Convert -1 (base 15) to base 16.
-1
100 (base 3) to base 6
13
Convert -4 (base 8) to base 5.
-4
Convert 90 (base 11) to base 2.
1100011
-12 (base 3) to base 4
-11
What is 1 (base 9) in base 12?
1
Convert 110 (base 2) to base 15.
6
Convert -134 (base 6) to base 12.
-4a
-100001101 (base 2) to base 4
-10031
Convert e4 (base 15) to base 9.
257
12 (base 10) to base 9
13
3 (base 15) to base 8
3
What is 7 (base 8) in base 11?
7
What is 51 (base 8) in base 3?
1112
Convert 1242 (base 5) to base 16.
c5
What is 31 (base 4) in base 8?
15
16 (base 8) to base 7
20
21 (base 8) to base 2
10001
What is 21 (base 4) in base 10?
9
What is -100 (base 2) in base 6?
-4
Convert ba (base 14) to base 16.
a4
Convert 4a (base 12) to base 8.
72
What is -1 (base 5) in base 2?
-1
-2 (base 10) to base 16
-2
What is -100011 (base 2) in base 15?
-25
Convert -11 (base 9) to base 10.
-10
Convert -23 (base 6) to base 15.
-10
Convert -6 (base 11) to base 7.
-6
What is -3 (base 4) in base 12?
-3
Convert -50 (base 7) to base 13.
-29
What is -3 (base 10) in base 3?
-10
What is 1 (base 4) in base 14?
1
What is 72 (base 14) in base 6?
244
Convert 9 (base 11) to base 9.
10
Convert 66 (base 7) to base 12.
40
What is -1 (base 2) in base 3?
-1
What is 85 (base 12) in base 8?
145
1201 (base 4) to base 10
97
Convert 47 (base 8) to base 11.
36
11 (base 16) to base 7
23
Convert 17 (base 10) to base 2.
10001
27 (base 16) to base 12
33
37 (base 8) to base 14
23
Convert 1120 (base 4) to base 14.
64
Convert -11 (base 3) to base 15.
-4
What is 12 (base 10) in base 6?
20
146 (base 7) to base 12
6b
-7 (base 15) to base 11
-7
Convert -110 (base 2) to base 3.
-20
Convert 0 (base 11) to base 12.
0
-2 (base 13) to base 15
-2
What is -10 (base 9) in base 13?
-9
What is -2c (base 16) in base 4?
-230
What is -2 (base 12) in base 9?
-2
Convert -1b6 (base 12) to base 15.
-13c
Convert -1033 (base 4) to base 13.
